{"id":473,"date":"2019-01-31T20:54:55","date_gmt":"2019-01-31T19:54:55","guid":{"rendered":"https:\/\/cedricmalgouyres.com\/?page_id=473"},"modified":"2025-09-28T19:05:03","modified_gmt":"2025-09-28T17:05:03","slug":"blog-medecine-chinoise","status":"publish","type":"page","link":"https:\/\/magali-test.fr\/malgouyres\/blog-medecine-chinoise\/","title":{"rendered":"Blog"},"content":{"rendered":"\n[et_pb_section fb_built=\u00a0\u00bb1&Prime; prev_background_color=\u00a0\u00bb#ffffff\u00a0\u00bb module_id=\u00a0\u00bblifting-acupuncture\u00a0\u00bb _builder_version=\u00a0\u00bb4.27.4&Prime; background_color=\u00a0\u00bb#407c7a\u00a0\u00bb custom_padding=\u00a0\u00bb2%||2%||true|false\u00a0\u00bb top_divider_style=\u00a0\u00bbwave2&Prime; top_divider_height=\u00a0\u00bb50px\u00a0\u00bb top_divider_repeat=\u00a0\u00bb2x\u00a0\u00bb bottom_divider_style=\u00a0\u00bbwave2&Prime; bottom_divider_color=\u00a0\u00bb#FFFFFF\u00a0\u00bb bottom_divider_height=\u00a0\u00bb50px\u00a0\u00bb bottom_divider_repeat=\u00a0\u00bb2x\u00a0\u00bb bottom_divider_flip=\u00a0\u00bbhorizontal\u00a0\u00bb hover_enabled=\u00a0\u00bb0&Prime; global_colors_info=\u00a0\u00bb{}\u00a0\u00bb locked=\u00a0\u00bboff\u00a0\u00bb custom_margin=\u00a0\u00bb3%||||false|false\u00a0\u00bb sticky_enabled=\u00a0\u00bb0&Prime;][et_pb_row _builder_version=\u00a0\u00bb4.16&Prime; global_colors_info=\u00a0\u00bb{}\u00a0\u00bb][et_pb_column type=\u00a0\u00bb4_4&Prime; _builder_version=\u00a0\u00bb4.16&Prime; custom_padding=\u00a0\u00bb|||\u00a0\u00bb global_colors_info=\u00a0\u00bb{}\u00a0\u00bb custom_padding__hover=\u00a0\u00bb|||\u00a0\u00bb][et_pb_text _builder_version=\u00a0\u00bb4.27.4&Prime; header_font=\u00a0\u00bb||||||||\u00a0\u00bb header_text_align=\u00a0\u00bbcenter\u00a0\u00bb header_3_text_align=\u00a0\u00bbcenter\u00a0\u00bb header_3_text_color=\u00a0\u00bb#FFFFFF\u00a0\u00bb hover_enabled=\u00a0\u00bb0&Prime; global_colors_info=\u00a0\u00bb{}\u00a0\u00bb header_font_size=\u00a0\u00bb27px\u00a0\u00bb header_text_color=\u00a0\u00bb#FFFFFF\u00a0\u00bb sticky_enabled=\u00a0\u00bb0&Prime;]<h1>Conseils et inspirations pour prendre soin de vous<\/h1>[\/et_pb_text][\/et_pb_column][\/et_pb_row][\/et_pb_section][et_pb_section fb_built=\u00a0\u00bb1&Prime; _builder_version=\u00a0\u00bb4.16&Prime; global_colors_info=\u00a0\u00bb{}\u00a0\u00bb][et_pb_row _builder_version=\u00a0\u00bb4.16&Prime; global_colors_info=\u00a0\u00bb{}\u00a0\u00bb][et_pb_column type=\u00a0\u00bb4_4&Prime; _builder_version=\u00a0\u00bb4.16&Prime; custom_padding=\u00a0\u00bb|||\u00a0\u00bb global_colors_info=\u00a0\u00bb{}\u00a0\u00bb custom_padding__hover=\u00a0\u00bb|||\u00a0\u00bb][et_pb_blog fullwidth=\u00a0\u00bboff\u00a0\u00bb posts_number=\u00a0\u00bb30&Prime; include_categories=\u00a0\u00bb6&Prime; show_more=\u00a0\u00bbon\u00a0\u00bb _builder_version=\u00a0\u00bb4.27.4&Prime; header_font=\u00a0\u00bb||||||||\u00a0\u00bb text_orientation=\u00a0\u00bbjustified\u00a0\u00bb hover_enabled=\u00a0\u00bb0&Prime; global_colors_info=\u00a0\u00bb{}\u00a0\u00bb show_author=\u00a0\u00bboff\u00a0\u00bb show_date=\u00a0\u00bboff\u00a0\u00bb show_categories=\u00a0\u00bboff\u00a0\u00bb border_radii_image=\u00a0\u00bboff|10px|10px|120px|10px\u00a0\u00bb box_shadow_style_image=\u00a0\u00bbpreset4&Prime; box_shadow_color_image=\u00a0\u00bb#f9e11f\u00a0\u00bb sticky_enabled=\u00a0\u00bb0&Prime; header_text_align=\u00a0\u00bbcenter\u00a0\u00bb box_shadow_style=\u00a0\u00bbpreset3&Prime; border_width_all=\u00a0\u00bb0px\u00a0\u00bb excerpt_length=\u00a0\u00bb200&Prime;][\/et_pb_blog][\/et_pb_column][\/et_pb_row][\/et_pb_section]\n","protected":false},"excerpt":{"rendered":"<p>Conseils et inspirations pour prendre soin de vous<\/p>\n","protected":false},"author":1,"featured_media":0,"parent":0,"menu_order":0,"comment_status":"closed","ping_status":"closed","template":"","meta":{"_et_pb_use_builder":"on","_et_pb_old_content":"","_et_gb_content_width":"","footnotes":""},"class_list":["post-473","page","type-page","status-publish","hentry"],"yoast_head":"<!-- This site is optimized with the Yoast SEO plugin v27.3 - https:\/\/yoast.com\/product\/yoast-seo-wordpress\/ -->\n<title>Blog - C\u00e9dric Malgouyres<\/title>\n<meta name=\"description\" content=\"Bienvenue sur le blog exclusivement d\u00e9di\u00e9 \u00e0 votre sant\u00e9 et \u00e0 votre bien-\u00eatre. Au programme, des conseils sant\u00e9, de la di\u00e9t\u00e9tique, des massages...\" \/>\n<meta name=\"robots\" content=\"noindex, nofollow, max-snippet:-1, max-image-preview:large, max-video-preview:-1\" \/>\n<meta property=\"og:locale\" content=\"fr_FR\" \/>\n<meta property=\"og:type\" content=\"article\" \/>\n<meta property=\"og:title\" content=\"Blog - C\u00e9dric Malgouyres\" \/>\n<meta property=\"og:description\" content=\"Bienvenue sur le blog exclusivement d\u00e9di\u00e9 \u00e0 votre sant\u00e9 et \u00e0 votre bien-\u00eatre. Au programme, des conseils sant\u00e9, de la di\u00e9t\u00e9tique, des massages...\" \/>\n<meta property=\"og:url\" content=\"https:\/\/magali-test.fr\/malgouyres\/blog-medecine-chinoise\/\" \/>\n<meta property=\"og:site_name\" content=\"C\u00e9dric Malgouyres\" \/>\n<meta property=\"article:modified_time\" content=\"2025-09-28T17:05:03+00:00\" \/>\n<meta name=\"twitter:card\" content=\"summary_large_image\" \/>\n<meta name=\"twitter:label1\" content=\"Dur\u00e9e de lecture estim\u00e9e\" \/>\n\t<meta name=\"twitter:data1\" content=\"3 minutes\" \/>\n<script type=\"application\/ld+json\" class=\"yoast-schema-graph\">{\"@context\":\"https:\\\/\\\/schema.org\",\"@graph\":[{\"@type\":\"WebPage\",\"@id\":\"https:\\\/\\\/magali-test.fr\\\/malgouyres\\\/blog-medecine-chinoise\\\/\",\"url\":\"https:\\\/\\\/magali-test.fr\\\/malgouyres\\\/blog-medecine-chinoise\\\/\",\"name\":\"Blog - C\u00e9dric Malgouyres\",\"isPartOf\":{\"@id\":\"https:\\\/\\\/magali-test.fr\\\/malgouyres\\\/#website\"},\"datePublished\":\"2019-01-31T19:54:55+00:00\",\"dateModified\":\"2025-09-28T17:05:03+00:00\",\"description\":\"Bienvenue sur le blog exclusivement d\u00e9di\u00e9 \u00e0 votre sant\u00e9 et \u00e0 votre bien-\u00eatre. Au programme, des conseils sant\u00e9, de la di\u00e9t\u00e9tique, des massages...\",\"breadcrumb\":{\"@id\":\"https:\\\/\\\/magali-test.fr\\\/malgouyres\\\/blog-medecine-chinoise\\\/#breadcrumb\"},\"inLanguage\":\"fr-FR\",\"potentialAction\":[{\"@type\":\"ReadAction\",\"target\":[\"https:\\\/\\\/magali-test.fr\\\/malgouyres\\\/blog-medecine-chinoise\\\/\"]}]},{\"@type\":\"BreadcrumbList\",\"@id\":\"https:\\\/\\\/magali-test.fr\\\/malgouyres\\\/blog-medecine-chinoise\\\/#breadcrumb\",\"itemListElement\":[{\"@type\":\"ListItem\",\"position\":1,\"name\":\"Accueil\",\"item\":\"https:\\\/\\\/magali-test.fr\\\/malgouyres\\\/\"},{\"@type\":\"ListItem\",\"position\":2,\"name\":\"Blog\"}]},{\"@type\":\"WebSite\",\"@id\":\"https:\\\/\\\/magali-test.fr\\\/malgouyres\\\/#website\",\"url\":\"https:\\\/\\\/magali-test.fr\\\/malgouyres\\\/\",\"name\":\"C\u00e9dric Malgouyres\",\"description\":\"Praticien en m\u00e9decine chinoise Toulouse\",\"potentialAction\":[{\"@type\":\"SearchAction\",\"target\":{\"@type\":\"EntryPoint\",\"urlTemplate\":\"https:\\\/\\\/magali-test.fr\\\/malgouyres\\\/?s={search_term_string}\"},\"query-input\":{\"@type\":\"PropertyValueSpecification\",\"valueRequired\":true,\"valueName\":\"search_term_string\"}}],\"inLanguage\":\"fr-FR\"}]}<\/script>\n<!-- \/ Yoast SEO plugin. -->","yoast_head_json":{"title":"Blog - C\u00e9dric Malgouyres","description":"Bienvenue sur le blog exclusivement d\u00e9di\u00e9 \u00e0 votre sant\u00e9 et \u00e0 votre bien-\u00eatre. Au programme, des conseils sant\u00e9, de la di\u00e9t\u00e9tique, des massages...","robots":{"index":"noindex","follow":"nofollow","max-snippet":"max-snippet:-1","max-image-preview":"max-image-preview:large","max-video-preview":"max-video-preview:-1"},"og_locale":"fr_FR","og_type":"article","og_title":"Blog - C\u00e9dric Malgouyres","og_description":"Bienvenue sur le blog exclusivement d\u00e9di\u00e9 \u00e0 votre sant\u00e9 et \u00e0 votre bien-\u00eatre. Au programme, des conseils sant\u00e9, de la di\u00e9t\u00e9tique, des massages...","og_url":"https:\/\/magali-test.fr\/malgouyres\/blog-medecine-chinoise\/","og_site_name":"C\u00e9dric Malgouyres","article_modified_time":"2025-09-28T17:05:03+00:00","twitter_card":"summary_large_image","twitter_misc":{"Dur\u00e9e de lecture estim\u00e9e":"3 minutes"},"schema":{"@context":"https:\/\/schema.org","@graph":[{"@type":"WebPage","@id":"https:\/\/magali-test.fr\/malgouyres\/blog-medecine-chinoise\/","url":"https:\/\/magali-test.fr\/malgouyres\/blog-medecine-chinoise\/","name":"Blog - C\u00e9dric Malgouyres","isPartOf":{"@id":"https:\/\/magali-test.fr\/malgouyres\/#website"},"datePublished":"2019-01-31T19:54:55+00:00","dateModified":"2025-09-28T17:05:03+00:00","description":"Bienvenue sur le blog exclusivement d\u00e9di\u00e9 \u00e0 votre sant\u00e9 et \u00e0 votre bien-\u00eatre. Au programme, des conseils sant\u00e9, de la di\u00e9t\u00e9tique, des massages...","breadcrumb":{"@id":"https:\/\/magali-test.fr\/malgouyres\/blog-medecine-chinoise\/#breadcrumb"},"inLanguage":"fr-FR","potentialAction":[{"@type":"ReadAction","target":["https:\/\/magali-test.fr\/malgouyres\/blog-medecine-chinoise\/"]}]},{"@type":"BreadcrumbList","@id":"https:\/\/magali-test.fr\/malgouyres\/blog-medecine-chinoise\/#breadcrumb","itemListElement":[{"@type":"ListItem","position":1,"name":"Accueil","item":"https:\/\/magali-test.fr\/malgouyres\/"},{"@type":"ListItem","position":2,"name":"Blog"}]},{"@type":"WebSite","@id":"https:\/\/magali-test.fr\/malgouyres\/#website","url":"https:\/\/magali-test.fr\/malgouyres\/","name":"C\u00e9dric Malgouyres","description":"Praticien en m\u00e9decine chinoise Toulouse","potentialAction":[{"@type":"SearchAction","target":{"@type":"EntryPoint","urlTemplate":"https:\/\/magali-test.fr\/malgouyres\/?s={search_term_string}"},"query-input":{"@type":"PropertyValueSpecification","valueRequired":true,"valueName":"search_term_string"}}],"inLanguage":"fr-FR"}]}},"_links":{"self":[{"href":"https:\/\/magali-test.fr\/malgouyres\/wp-json\/wp\/v2\/pages\/473","targetHints":{"allow":["GET"]}}],"collection":[{"href":"https:\/\/magali-test.fr\/malgouyres\/wp-json\/wp\/v2\/pages"}],"about":[{"href":"https:\/\/magali-test.fr\/malgouyres\/wp-json\/wp\/v2\/types\/page"}],"author":[{"embeddable":true,"href":"https:\/\/magali-test.fr\/malgouyres\/wp-json\/wp\/v2\/users\/1"}],"replies":[{"embeddable":true,"href":"https:\/\/magali-test.fr\/malgouyres\/wp-json\/wp\/v2\/comments?post=473"}],"version-history":[{"count":34,"href":"https:\/\/magali-test.fr\/malgouyres\/wp-json\/wp\/v2\/pages\/473\/revisions"}],"predecessor-version":[{"id":1137,"href":"https:\/\/magali-test.fr\/malgouyres\/wp-json\/wp\/v2\/pages\/473\/revisions\/1137"}],"wp:attachment":[{"href":"https:\/\/magali-test.fr\/malgouyres\/wp-json\/wp\/v2\/media?parent=473"}],"curies":[{"name":"wp","href":"https:\/\/api.w.org\/{rel}","templated":true}]}}