{"id":17,"date":"2018-10-19T14:38:13","date_gmt":"2018-10-19T12:38:13","guid":{"rendered":"https:\/\/cedricmalgouyres.com\/?page_id=17"},"modified":"2025-11-12T12:18:41","modified_gmt":"2025-11-12T11:18:41","slug":"ventouses-cupping-toulouse","status":"publish","type":"page","link":"https:\/\/magali-test.fr\/malgouyres\/ventouses-cupping-toulouse\/","title":{"rendered":"Ventouses ou cupping \u00e0 Toulouse"},"content":{"rendered":"<p>[et_pb_section fb_built=\u00a0\u00bb1&Prime; _builder_version=\u00a0\u00bb4.27.4&Prime; background_image=\u00a0\u00bbhttps:\/\/magali-test.fr\/malgouyres\/wp-content\/uploads\/2025\/09\/Cedric-Malgouyres-adresse-toulouse-2.png\u00a0\u00bb background_size=\u00a0\u00bbstretch\u00a0\u00bb background_position=\u00a0\u00bbbottom_left\u00a0\u00bb custom_padding=\u00a0\u00bb5%||5%||false|false\u00a0\u00bb global_colors_info=\u00a0\u00bb{}\u00a0\u00bb][et_pb_row _builder_version=\u00a0\u00bb4.27.4&Prime; background_color=\u00a0\u00bb#f9e11f\u00a0\u00bb width=\u00a0\u00bb53%\u00a0\u00bb module_alignment=\u00a0\u00bbleft\u00a0\u00bb hover_enabled=\u00a0\u00bb0&Prime; border_radii=\u00a0\u00bboff|10px|10px|120px|10px\u00a0\u00bb box_shadow_style=\u00a0\u00bbpreset4&Prime; box_shadow_color=\u00a0\u00bb#407c7a\u00a0\u00bb global_colors_info=\u00a0\u00bb{}\u00a0\u00bb width_last_edited=\u00a0\u00bbon|phone\u00a0\u00bb width_phone=\u00a0\u00bb60%\u00a0\u00bb sticky_enabled=\u00a0\u00bb0&Prime; width_tablet=\u00a0\u00bb53%\u00a0\u00bb][et_pb_column type=\u00a0\u00bb4_4&Prime; _builder_version=\u00a0\u00bb4.16&Prime; custom_padding=\u00a0\u00bb|||\u00a0\u00bb global_colors_info=\u00a0\u00bb{}\u00a0\u00bb custom_padding__hover=\u00a0\u00bb|||\u00a0\u00bb][et_pb_text _builder_version=\u00a0\u00bb4.27.4&Prime; header_font=\u00a0\u00bb||||||||\u00a0\u00bb header_text_align=\u00a0\u00bbcenter\u00a0\u00bb custom_padding=\u00a0\u00bb3%||3%||true|false\u00a0\u00bb hover_enabled=\u00a0\u00bb0&Prime; global_colors_info=\u00a0\u00bb{}\u00a0\u00bb header_font_size=\u00a0\u00bb2em\u00a0\u00bb header_font_size_last_edited=\u00a0\u00bbon|phone\u00a0\u00bb header_font_size_phone=\u00a0\u00bb1.7em\u00a0\u00bb header_text_align_last_edited=\u00a0\u00bbon|phone\u00a0\u00bb header_text_align_phone=\u00a0\u00bbleft\u00a0\u00bb custom_padding_last_edited=\u00a0\u00bbon|phone\u00a0\u00bb custom_padding_phone=\u00a0\u00bb3%||3%|8%|true|false\u00a0\u00bb sticky_enabled=\u00a0\u00bb0&Prime; header_font_size_tablet=\u00a0\u00bb2em\u00a0\u00bb header_text_align_tablet=\u00a0\u00bbcenter\u00a0\u00bb custom_padding_tablet=\u00a0\u00bb3%||3%||true|false\u00a0\u00bb]<\/p>\n<h1>Ventouses \/ cupping \u00e0 Toulouse<\/h1>\n<p>[\/et_pb_text][\/et_pb_column][\/et_pb_row][\/et_pb_section][et_pb_section fb_built=\u00a0\u00bb1&Prime; _builder_version=\u00a0\u00bb4.27.4&Prime; background_color=\u00a0\u00bb#faf6e5&Prime; custom_padding=\u00a0\u00bb0px|0px|0|0px|false|false\u00a0\u00bb global_colors_info=\u00a0\u00bb{}\u00a0\u00bb][et_pb_row column_structure=\u00a0\u00bb1_2,1_2&Prime; _builder_version=\u00a0\u00bb4.27.4&Prime; max_width=\u00a0\u00bb1300px\u00a0\u00bb custom_padding=\u00a0\u00bb5%||5%||true|false\u00a0\u00bb global_colors_info=\u00a0\u00bb{}\u00a0\u00bb][et_pb_column type=\u00a0\u00bb1_2&Prime; _builder_version=\u00a0\u00bb4.16&Prime; custom_padding=\u00a0\u00bb|||\u00a0\u00bb global_colors_info=\u00a0\u00bb{}\u00a0\u00bb custom_padding__hover=\u00a0\u00bb|||\u00a0\u00bb][et_pb_text _builder_version=\u00a0\u00bb4.27.4&Prime; header_2_text_align=\u00a0\u00bbcenter\u00a0\u00bb global_colors_info=\u00a0\u00bb{}\u00a0\u00bb]<\/p>\n<h2>Le cupping? Qu&rsquo;est-ce donc?<\/h2>\n<p>&nbsp;<\/p>\n<p>Le <strong>cupping<\/strong>, <em>Ba guan zi<\/em> en chinois, consiste en la <strong>pose de ventouses en verre, en plastique ou en bambou, sur des points d&rsquo;acupuncture<\/strong>. Une fois pos\u00e9es, les ventouses vont cr\u00e9er une aspiration, une succion qui r\u00e9hydratera les diff\u00e9rentes couches tissulaires et permettra, ainsi, au sang et aux liquides organiques de circuler \u00e0 nouveau librement. Par cons\u00e9quent, si les liquides circulent librement alors la douleur s&rsquo;estompe.<\/p>\n<p>Les ventouses ont de tout temps exist\u00e9. En effet, de nombreuses civilisations y ont eu recours y compris en France, o\u00f9 elles \u00e9taient utilis\u00e9es pour traiter principalement les troubles respiratoires. Malheureusement, elles ont \u00e9t\u00e9 d\u00e9laiss\u00e9es il y a quelques ann\u00e9es au profit des antibiotiques. Par contre, en Chine, cette m\u00e9thode ne s&rsquo;est jamais perdue et de surcro\u00eet les ventouses font partie des outils principaux de la <a href=\"https:\/\/magali-test.fr\/malgouyres\/blog\/quest-ce-que-la-medecine-chinoise-a-quoi-sert-elle\/\">m\u00e9decine chinoise<\/a>. Elles sont utilis\u00e9es au quotidien au m\u00eame titre que <a href=\"https:\/\/magali-test.fr\/malgouyres\/en-savoir-plus-sur-la-medecine-chinoise\/#acupuncture\">l&rsquo;acupuncture<\/a>, <a href=\"https:\/\/magali-test.fr\/malgouyres\/en-savoir-plus-sur-la-medecine-chinoise\">la pharmacop\u00e9e<\/a> et le <a href=\"https:\/\/magali-test.fr\/malgouyres\/massage-tuina-toulouse\/\">massage tuina<\/a>.<\/p>\n<p>[\/et_pb_text][\/et_pb_column][et_pb_column type=\u00a0\u00bb1_2&Prime; _builder_version=\u00a0\u00bb4.16&Prime; custom_padding=\u00a0\u00bb|||\u00a0\u00bb global_colors_info=\u00a0\u00bb{}\u00a0\u00bb custom_padding__hover=\u00a0\u00bb|||\u00a0\u00bb][et_pb_text _builder_version=\u00a0\u00bb4.27.4&Prime; header_2_text_align=\u00a0\u00bbcenter\u00a0\u00bb global_colors_info=\u00a0\u00bb{}\u00a0\u00bb]<\/p>\n<h2>Dans quel but?<\/h2>\n<p>&nbsp;<\/p>\n<p>Au-del\u00e0 des <strong>affections respiratoires<\/strong>, les ventouses sont tr\u00e8s efficaces dans la <strong>r\u00e9solution de probl\u00e9matiques musculo-squelettiques, articulaires ou rhumatismales<\/strong>\u00a0:<\/p>\n<ul>\n<li>Tendinites<\/li>\n<li>Entorses<\/li>\n<li>Douleurs lombaires\u2026<\/li>\n<\/ul>\n<p>L\u2019utilisation des ventouses permet ainsi de <strong>diminuer la douleur, de r\u00e9duire les gonflements, de calmer l\u2019inflammation mais aussi de gagner en amplitude dans les mouvements et d\u2019acc\u00e9l\u00e9rer le processus de gu\u00e9rison.<\/strong><\/p>\n<p>D&rsquo;autre part, les ventouses peuvent \u00eatre utilis\u00e9es pour les troubles suivants\u00a0:<\/p>\n<ul>\n<li>maux de t\u00eate et migraines<\/li>\n<li>dysm\u00e9norrh\u00e9es\u2026<\/li>\n<\/ul>\n<p>Un traitement aux ventouses peut se faire seul ou en compl\u00e9ment d\u2019autres th\u00e9rapeutiques (<a href=\"https:\/\/magali-test.fr\/malgouyres\/massage-tuina-toulouse\/\">tuina<\/a>, <a href=\"https:\/\/magali-test.fr\/malgouyres\/en-savoir-plus-sur-la-medecine-chinoise\/#acupuncture\">acupuncture<\/a>, auriculoth\u00e9rapie\u2026).<\/p>\n<p>[\/et_pb_text][\/et_pb_column][\/et_pb_row][et_pb_row _builder_version=\u00a0\u00bb4.27.4&Prime; max_width=\u00a0\u00bb1300px\u00a0\u00bb custom_margin=\u00a0\u00bb-3px||0px||false|false\u00a0\u00bb custom_padding=\u00a0\u00bb0px||0px||false|false\u00a0\u00bb global_colors_info=\u00a0\u00bb{}\u00a0\u00bb][et_pb_column type=\u00a0\u00bb4_4&Prime; _builder_version=\u00a0\u00bb4.16&Prime; custom_padding=\u00a0\u00bb|||\u00a0\u00bb global_colors_info=\u00a0\u00bb{}\u00a0\u00bb custom_padding__hover=\u00a0\u00bb|||\u00a0\u00bb][et_pb_text _builder_version=\u00a0\u00bb4.27.4&Prime; text_font=\u00a0\u00bb||||||||\u00a0\u00bb text_text_color=\u00a0\u00bb#000000&Prime; header_2_text_align=\u00a0\u00bbcenter\u00a0\u00bb header_2_text_color=\u00a0\u00bb#000000&Prime; header_3_text_color=\u00a0\u00bb#000000&Prime; background_color=\u00a0\u00bb#f9e11f\u00a0\u00bb background_layout=\u00a0\u00bbdark\u00a0\u00bb custom_padding=\u00a0\u00bb5%|6%|5%|6%|true|true\u00a0\u00bb hover_enabled=\u00a0\u00bb0&Prime; border_radii=\u00a0\u00bboff|10px|10px|10px|120px\u00a0\u00bb box_shadow_style=\u00a0\u00bbpreset4&Prime; box_shadow_horizontal=\u00a0\u00bb-10px\u00a0\u00bb box_shadow_color=\u00a0\u00bb#407c7a\u00a0\u00bb global_colors_info=\u00a0\u00bb{}\u00a0\u00bb custom_padding_last_edited=\u00a0\u00bbon|phone\u00a0\u00bb custom_padding_phone=\u00a0\u00bb10%|3%|22%|6%|false|false\u00a0\u00bb sticky_enabled=\u00a0\u00bb0&Prime; custom_padding_tablet=\u00a0\u00bb5%|6%|5%|6%|true|true\u00a0\u00bb]<\/p>\n<h2>Est-ce douloureux?<\/h2>\n<p>&nbsp;<\/p>\n<p>Non, pas du tout. En revanche, l&rsquo;effet de succion provoqu\u00e9 par les ventouses peut laisser des marques (de coloration vari\u00e9e \u2013 rouge \u00e0 bleu\/violet). Cela peut durer plusieurs jours voire plusieurs semaines en fonction du degr\u00e9 d\u2019accumulation des toxines.<\/p>\n<p>Les ventouses sont maintenues en place pour une dur\u00e9e allant de 2 \u00e0 20 minutes, selon les cas.<\/p>\n<p>Il existe une variante dite de la \u00ab\u00a0<strong>ventouse gliss\u00e9e<\/strong>\u00a0\u00bb dont l\u2019objectif est de d\u00e9sobstruer un canal (m\u00e9ridien). Il s&rsquo;agit, en fait, de faire glisser une seule ventouse sur une large partie du corps (dos, cuisse, avant-bras\u2026). <strong>Effet relaxant garanti!<\/strong><\/p>\n<p>[\/et_pb_text][\/et_pb_column][\/et_pb_row][\/et_pb_section][et_pb_section fb_built=\u00a0\u00bb1&Prime; _builder_version=\u00a0\u00bb4.27.4&Prime; background_color=\u00a0\u00bb#faf6e5&Prime; custom_padding=\u00a0\u00bb5%|0px|5%|0px|true|false\u00a0\u00bb global_colors_info=\u00a0\u00bb{}\u00a0\u00bb][et_pb_row column_structure=\u00a0\u00bb1_3,1_3,1_3&Prime; _builder_version=\u00a0\u00bb4.16&Prime; global_colors_info=\u00a0\u00bb{}\u00a0\u00bb][et_pb_column type=\u00a0\u00bb1_3&Prime; _builder_version=\u00a0\u00bb4.16&Prime; custom_padding=\u00a0\u00bb|||\u00a0\u00bb global_colors_info=\u00a0\u00bb{}\u00a0\u00bb custom_padding__hover=\u00a0\u00bb|||\u00a0\u00bb][et_pb_image src=\u00a0\u00bbhttps:\/\/magali-test.fr\/malgouyres\/wp-content\/uploads\/2019\/01\/medecine-chinoise-ventouse-cupping.jpg\u00a0\u00bb alt=\u00a0\u00bbmedecine chinoise ventouse cupping\u00a0\u00bb show_in_lightbox=\u00a0\u00bbon\u00a0\u00bb align_tablet=\u00a0\u00bbcenter\u00a0\u00bb align_phone=\u00a0\u00bbcenter\u00a0\u00bb align_last_edited=\u00a0\u00bbon|desktop\u00a0\u00bb _builder_version=\u00a0\u00bb4.27.4&Prime; border_radii=\u00a0\u00bboff|10px|10px|120px|10px\u00a0\u00bb border_color_all=\u00a0\u00bb#f9e11f\u00a0\u00bb box_shadow_style=\u00a0\u00bbpreset4&Prime; box_shadow_color=\u00a0\u00bb#f9e11f\u00a0\u00bb global_colors_info=\u00a0\u00bb{}\u00a0\u00bb]<br \/>\n[\/et_pb_image][\/et_pb_column][et_pb_column type=\u00a0\u00bb1_3&Prime; _builder_version=\u00a0\u00bb4.16&Prime; custom_padding=\u00a0\u00bb|||\u00a0\u00bb global_colors_info=\u00a0\u00bb{}\u00a0\u00bb custom_padding__hover=\u00a0\u00bb|||\u00a0\u00bb][et_pb_image src=\u00a0\u00bbhttps:\/\/magali-test.fr\/malgouyres\/wp-content\/uploads\/2019\/01\/cupping-ventouses-medecine-chinoise-toulouse-1-1.jpg\u00a0\u00bb alt=\u00a0\u00bbcupping ventouses m\u00e9decine chinoise toulouse\u00a0\u00bb show_in_lightbox=\u00a0\u00bbon\u00a0\u00bb align_tablet=\u00a0\u00bbcenter\u00a0\u00bb align_phone=\u00a0\u00bbcenter\u00a0\u00bb align_last_edited=\u00a0\u00bbon|desktop\u00a0\u00bb _builder_version=\u00a0\u00bb4.16&Prime; border_radii=\u00a0\u00bboff|10px|10px|120px|10px\u00a0\u00bb border_color_all=\u00a0\u00bb#f9e11f\u00a0\u00bb box_shadow_style=\u00a0\u00bbpreset4&Prime; box_shadow_color=\u00a0\u00bb#f9e11f\u00a0\u00bb global_colors_info=\u00a0\u00bb{}\u00a0\u00bb]<br \/>\n[\/et_pb_image][\/et_pb_column][et_pb_column type=\u00a0\u00bb1_3&Prime; _builder_version=\u00a0\u00bb4.16&Prime; custom_padding=\u00a0\u00bb|||\u00a0\u00bb global_colors_info=\u00a0\u00bb{}\u00a0\u00bb custom_padding__hover=\u00a0\u00bb|||\u00a0\u00bb][et_pb_image src=\u00a0\u00bbhttps:\/\/magali-test.fr\/malgouyres\/wp-content\/uploads\/2019\/01\/cupping-toulouse-medecine-chinoise.jpg\u00a0\u00bb alt=\u00a0\u00bbcupping toulouse m\u00e9decine chinoise\u00a0\u00bb show_in_lightbox=\u00a0\u00bbon\u00a0\u00bb align_tablet=\u00a0\u00bbcenter\u00a0\u00bb align_phone=\u00a0\u00bbcenter\u00a0\u00bb align_last_edited=\u00a0\u00bbon|desktop\u00a0\u00bb _builder_version=\u00a0\u00bb4.16&Prime; border_radii=\u00a0\u00bboff|10px|10px|120px|10px\u00a0\u00bb border_color_all=\u00a0\u00bb#f9e11f\u00a0\u00bb box_shadow_style=\u00a0\u00bbpreset4&Prime; box_shadow_color=\u00a0\u00bb#f9e11f\u00a0\u00bb global_colors_info=\u00a0\u00bb{}\u00a0\u00bb]<br \/>\n[\/et_pb_image][\/et_pb_column][\/et_pb_row][\/et_pb_section][et_pb_section fb_built=\u00a0\u00bb1&Prime; _builder_version=\u00a0\u00bb4.27.4&Prime; _module_preset=\u00a0\u00bbdefault\u00a0\u00bb background_image=\u00a0\u00bbhttps:\/\/magali-test.fr\/malgouyres\/wp-content\/uploads\/2025\/07\/Cedric-Malgouyres-Acupuncture-Tuina-Ventouses-Moxibustion.webp\u00a0\u00bb parallax=\u00a0\u00bbon\u00a0\u00bb parallax_method=\u00a0\u00bboff\u00a0\u00bb custom_padding=\u00a0\u00bb3%||3%||true|false\u00a0\u00bb top_divider_color=\u00a0\u00bb#faf6e5&Prime; locked=\u00a0\u00bboff\u00a0\u00bb global_colors_info=\u00a0\u00bb{}\u00a0\u00bb][et_pb_row _builder_version=\u00a0\u00bb4.27.4&Prime; _module_preset=\u00a0\u00bbdefault\u00a0\u00bb global_colors_info=\u00a0\u00bb{}\u00a0\u00bb][et_pb_column type=\u00a0\u00bb4_4&Prime; _builder_version=\u00a0\u00bb4.27.4&Prime; _module_preset=\u00a0\u00bbdefault\u00a0\u00bb global_colors_info=\u00a0\u00bb{}\u00a0\u00bb][et_pb_text _builder_version=\u00a0\u00bb4.27.4&Prime; text_font=\u00a0\u00bbSatisfy|700|||||||\u00a0\u00bb text_text_color=\u00a0\u00bb#407c7a\u00a0\u00bb text_font_size=\u00a0\u00bb1.3em\u00a0\u00bb text_letter_spacing=\u00a0\u00bb2px\u00a0\u00bb text_line_height=\u00a0\u00bb1.6em\u00a0\u00bb header_font=\u00a0\u00bbSatisfy||||||||\u00a0\u00bb header_text_color=\u00a0\u00bb#2d2e83&Prime; header_2_font=\u00a0\u00bb||||||||\u00a0\u00bb header_3_font=\u00a0\u00bb||||||||\u00a0\u00bb text_orientation=\u00a0\u00bbcenter\u00a0\u00bb locked=\u00a0\u00bboff\u00a0\u00bb global_colors_info=\u00a0\u00bb{}\u00a0\u00bb]<\/p>\n<p>Envie d\u2019essayer les bienfaits des ventouses ?<\/p>\n<p>[\/et_pb_text][et_pb_text _builder_version=\u00a0\u00bb4.27.4&Prime; text_font=\u00a0\u00bbCrimson Text||||||||\u00a0\u00bb header_font=\u00a0\u00bbSatisfy||||||||\u00a0\u00bb header_text_color=\u00a0\u00bb#2d2e83&Prime; header_2_font=\u00a0\u00bb||||||||\u00a0\u00bb header_2_text_align=\u00a0\u00bbcenter\u00a0\u00bb header_2_font_size=\u00a0\u00bb1.3em\u00a0\u00bb header_3_font=\u00a0\u00bb||||||||\u00a0\u00bb global_colors_info=\u00a0\u00bb{}\u00a0\u00bb]<\/p>\n<h2>Que ce soit pour soulager une douleur, apaiser une tension ou accompagner une probl\u00e9matique chronique, je vous accueille sur rendez-vous dans mon cabinet \u00e0 Toulouse.<\/h2>\n<p>[\/et_pb_text][et_pb_button button_url=\u00a0\u00bb@ET-DC@eyJkeW5hbWljIjp0cnVlLCJjb250ZW50IjoicG9zdF9saW5rX3VybF9wYWdlIiwic2V0dGluZ3MiOnsicG9zdF9pZCI6IjIzIn19@\u00a0\u00bb button_text=\u00a0\u00bbD\u00e9couvrir les bienfaits du cupping\u00a0\u00bb button_alignment=\u00a0\u00bbcenter\u00a0\u00bb _builder_version=\u00a0\u00bb4.27.4&Prime; _dynamic_attributes=\u00a0\u00bbbutton_url\u00a0\u00bb _module_preset=\u00a0\u00bbdefault\u00a0\u00bb custom_button=\u00a0\u00bbon\u00a0\u00bb button_text_size=\u00a0\u00bb1.2em\u00a0\u00bb button_text_color=\u00a0\u00bb#2e2e2e\u00a0\u00bb button_bg_color=\u00a0\u00bb#f9e11f\u00a0\u00bb custom_margin=\u00a0\u00bb4.5%||||false|false\u00a0\u00bb locked=\u00a0\u00bboff\u00a0\u00bb global_colors_info=\u00a0\u00bb{}\u00a0\u00bb][\/et_pb_button][\/et_pb_column][\/et_pb_row][\/et_pb_section]<\/p>\n","protected":false},"excerpt":{"rendered":"<p>Ventouses \/ cupping \u00e0 ToulouseLe cupping? Qu&rsquo;est-ce donc? &nbsp; Le cupping, Ba guan zi en chinois, consiste en la pose de ventouses en verre, en plastique ou en bambou, sur des points d&rsquo;acupuncture. Une fois pos\u00e9es, les ventouses vont cr\u00e9er une aspiration, une succion qui r\u00e9hydratera les diff\u00e9rentes couches tissulaires et permettra, ainsi, au sang et aux liquides organiques de circuler \u00e0 nouveau librement. Par cons\u00e9quent, si les liquides circulent librement alors la douleur s&rsquo;estompe. Les ventouses ont de tout temps exist\u00e9. En effet, de nombreuses civilisations y ont eu recours y compris en France, o\u00f9 elles \u00e9taient utilis\u00e9es pour traiter principalement les troubles respiratoires. Malheureusement, elles ont \u00e9t\u00e9 d\u00e9laiss\u00e9es il y a quelques ann\u00e9es au profit des antibiotiques. Par contre, en Chine, cette m\u00e9thode ne s&rsquo;est jamais perdue et de surcro\u00eet les ventouses font partie des outils principaux de la m\u00e9decine chinoise. Elles sont utilis\u00e9es au quotidien au m\u00eame titre que l&rsquo;acupuncture, la pharmacop\u00e9e et le massage tuina.Dans quel but? &nbsp; Au-del\u00e0 des affections respiratoires, les ventouses sont tr\u00e8s efficaces dans la r\u00e9solution de probl\u00e9matiques musculo-squelettiques, articulaires ou rhumatismales\u00a0: Tendinites Entorses Douleurs lombaires\u2026 L\u2019utilisation des ventouses permet ainsi de diminuer la douleur, de r\u00e9duire les gonflements, de calmer l\u2019inflammation [&hellip;]<\/p>\n","protected":false},"author":1,"featured_media":0,"parent":0,"menu_order":0,"comment_status":"closed","ping_status":"closed","template":"","meta":{"_et_pb_use_builder":"on","_et_pb_old_content":"","_et_gb_content_width":"","footnotes":""},"class_list":["post-17","page","type-page","status-publish","hentry"],"yoast_head":"<!-- This site is optimized with the Yoast SEO plugin v27.3 - https:\/\/yoast.com\/product\/yoast-seo-wordpress\/ -->\n<title>Ventouses ou cupping \u00e0 Toulouse - C\u00e9dric Malgouyres<\/title>\n<meta name=\"description\" content=\"Le cupping consiste en la pose de ventouses sur des points d\u2019acupuncture qui vont permettre aux liquides organiques de circuler \u00e0 nouveau librement.\" \/>\n<meta name=\"robots\" content=\"noindex, follow, max-snippet:-1, max-image-preview:large, max-video-preview:-1\" \/>\n<meta property=\"og:locale\" content=\"fr_FR\" \/>\n<meta property=\"og:type\" content=\"article\" \/>\n<meta property=\"og:title\" content=\"Ventouses ou cupping \u00e0 Toulouse - C\u00e9dric Malgouyres\" \/>\n<meta property=\"og:description\" content=\"Le cupping consiste en la pose de ventouses sur des points d\u2019acupuncture qui vont permettre aux liquides organiques de circuler \u00e0 nouveau librement.\" \/>\n<meta property=\"og:url\" content=\"https:\/\/magali-test.fr\/malgouyres\/ventouses-cupping-toulouse\/\" \/>\n<meta property=\"og:site_name\" content=\"C\u00e9dric Malgouyres\" \/>\n<meta property=\"article:modified_time\" content=\"2025-11-12T11:18:41+00:00\" \/>\n<meta name=\"twitter:card\" content=\"summary_large_image\" \/>\n<meta name=\"twitter:label1\" content=\"Dur\u00e9e de lecture estim\u00e9e\" \/>\n\t<meta name=\"twitter:data1\" content=\"7 minutes\" \/>\n<script type=\"application\/ld+json\" class=\"yoast-schema-graph\">{\"@context\":\"https:\\\/\\\/schema.org\",\"@graph\":[{\"@type\":\"WebPage\",\"@id\":\"https:\\\/\\\/magali-test.fr\\\/malgouyres\\\/ventouses-cupping-toulouse\\\/\",\"url\":\"https:\\\/\\\/magali-test.fr\\\/malgouyres\\\/ventouses-cupping-toulouse\\\/\",\"name\":\"Ventouses ou cupping \u00e0 Toulouse - C\u00e9dric Malgouyres\",\"isPartOf\":{\"@id\":\"https:\\\/\\\/magali-test.fr\\\/malgouyres\\\/#website\"},\"datePublished\":\"2018-10-19T12:38:13+00:00\",\"dateModified\":\"2025-11-12T11:18:41+00:00\",\"description\":\"Le cupping consiste en la pose de ventouses sur des points d\u2019acupuncture qui vont permettre aux liquides organiques de circuler \u00e0 nouveau librement.\",\"breadcrumb\":{\"@id\":\"https:\\\/\\\/magali-test.fr\\\/malgouyres\\\/ventouses-cupping-toulouse\\\/#breadcrumb\"},\"inLanguage\":\"fr-FR\",\"potentialAction\":[{\"@type\":\"ReadAction\",\"target\":[\"https:\\\/\\\/magali-test.fr\\\/malgouyres\\\/ventouses-cupping-toulouse\\\/\"]}]},{\"@type\":\"BreadcrumbList\",\"@id\":\"https:\\\/\\\/magali-test.fr\\\/malgouyres\\\/ventouses-cupping-toulouse\\\/#breadcrumb\",\"itemListElement\":[{\"@type\":\"ListItem\",\"position\":1,\"name\":\"Accueil\",\"item\":\"https:\\\/\\\/magali-test.fr\\\/malgouyres\\\/\"},{\"@type\":\"ListItem\",\"position\":2,\"name\":\"Ventouses ou cupping \u00e0 Toulouse\"}]},{\"@type\":\"WebSite\",\"@id\":\"https:\\\/\\\/magali-test.fr\\\/malgouyres\\\/#website\",\"url\":\"https:\\\/\\\/magali-test.fr\\\/malgouyres\\\/\",\"name\":\"C\u00e9dric Malgouyres\",\"description\":\"Praticien en m\u00e9decine chinoise Toulouse\",\"potentialAction\":[{\"@type\":\"SearchAction\",\"target\":{\"@type\":\"EntryPoint\",\"urlTemplate\":\"https:\\\/\\\/magali-test.fr\\\/malgouyres\\\/?s={search_term_string}\"},\"query-input\":{\"@type\":\"PropertyValueSpecification\",\"valueRequired\":true,\"valueName\":\"search_term_string\"}}],\"inLanguage\":\"fr-FR\"}]}<\/script>\n<!-- \/ Yoast SEO plugin. -->","yoast_head_json":{"title":"Ventouses ou cupping \u00e0 Toulouse - C\u00e9dric Malgouyres","description":"Le cupping consiste en la pose de ventouses sur des points d\u2019acupuncture qui vont permettre aux liquides organiques de circuler \u00e0 nouveau librement.","robots":{"index":"noindex","follow":"follow","max-snippet":"max-snippet:-1","max-image-preview":"max-image-preview:large","max-video-preview":"max-video-preview:-1"},"og_locale":"fr_FR","og_type":"article","og_title":"Ventouses ou cupping \u00e0 Toulouse - C\u00e9dric Malgouyres","og_description":"Le cupping consiste en la pose de ventouses sur des points d\u2019acupuncture qui vont permettre aux liquides organiques de circuler \u00e0 nouveau librement.","og_url":"https:\/\/magali-test.fr\/malgouyres\/ventouses-cupping-toulouse\/","og_site_name":"C\u00e9dric Malgouyres","article_modified_time":"2025-11-12T11:18:41+00:00","twitter_card":"summary_large_image","twitter_misc":{"Dur\u00e9e de lecture estim\u00e9e":"7 minutes"},"schema":{"@context":"https:\/\/schema.org","@graph":[{"@type":"WebPage","@id":"https:\/\/magali-test.fr\/malgouyres\/ventouses-cupping-toulouse\/","url":"https:\/\/magali-test.fr\/malgouyres\/ventouses-cupping-toulouse\/","name":"Ventouses ou cupping \u00e0 Toulouse - C\u00e9dric Malgouyres","isPartOf":{"@id":"https:\/\/magali-test.fr\/malgouyres\/#website"},"datePublished":"2018-10-19T12:38:13+00:00","dateModified":"2025-11-12T11:18:41+00:00","description":"Le cupping consiste en la pose de ventouses sur des points d\u2019acupuncture qui vont permettre aux liquides organiques de circuler \u00e0 nouveau librement.","breadcrumb":{"@id":"https:\/\/magali-test.fr\/malgouyres\/ventouses-cupping-toulouse\/#breadcrumb"},"inLanguage":"fr-FR","potentialAction":[{"@type":"ReadAction","target":["https:\/\/magali-test.fr\/malgouyres\/ventouses-cupping-toulouse\/"]}]},{"@type":"BreadcrumbList","@id":"https:\/\/magali-test.fr\/malgouyres\/ventouses-cupping-toulouse\/#breadcrumb","itemListElement":[{"@type":"ListItem","position":1,"name":"Accueil","item":"https:\/\/magali-test.fr\/malgouyres\/"},{"@type":"ListItem","position":2,"name":"Ventouses ou cupping \u00e0 Toulouse"}]},{"@type":"WebSite","@id":"https:\/\/magali-test.fr\/malgouyres\/#website","url":"https:\/\/magali-test.fr\/malgouyres\/","name":"C\u00e9dric Malgouyres","description":"Praticien en m\u00e9decine chinoise Toulouse","potentialAction":[{"@type":"SearchAction","target":{"@type":"EntryPoint","urlTemplate":"https:\/\/magali-test.fr\/malgouyres\/?s={search_term_string}"},"query-input":{"@type":"PropertyValueSpecification","valueRequired":true,"valueName":"search_term_string"}}],"inLanguage":"fr-FR"}]}},"_links":{"self":[{"href":"https:\/\/magali-test.fr\/malgouyres\/wp-json\/wp\/v2\/pages\/17","targetHints":{"allow":["GET"]}}],"collection":[{"href":"https:\/\/magali-test.fr\/malgouyres\/wp-json\/wp\/v2\/pages"}],"about":[{"href":"https:\/\/magali-test.fr\/malgouyres\/wp-json\/wp\/v2\/types\/page"}],"author":[{"embeddable":true,"href":"https:\/\/magali-test.fr\/malgouyres\/wp-json\/wp\/v2\/users\/1"}],"replies":[{"embeddable":true,"href":"https:\/\/magali-test.fr\/malgouyres\/wp-json\/wp\/v2\/comments?post=17"}],"version-history":[{"count":17,"href":"https:\/\/magali-test.fr\/malgouyres\/wp-json\/wp\/v2\/pages\/17\/revisions"}],"predecessor-version":[{"id":1246,"href":"https:\/\/magali-test.fr\/malgouyres\/wp-json\/wp\/v2\/pages\/17\/revisions\/1246"}],"wp:attachment":[{"href":"https:\/\/magali-test.fr\/malgouyres\/wp-json\/wp\/v2\/media?parent=17"}],"curies":[{"name":"wp","href":"https:\/\/api.w.org\/{rel}","templated":true}]}}